0321 composite?
True
Is 2819 prime?
True
Is 6029 a composite number?
False
Is 7697 composite?
True
Is 15427 a prime number?
True
Is 623179 composite?
True
Is 331 a prime number?
True
Is 1311097 prime?
True
Is 253153 prime?
True
Is 26033 a prime number?
False
Is 2706109 a composite number?
True
Is 71417 composite?
True
Is 48091 composite?
False
Is 24709 a composite number?
False
Is 59911 composite?
True
Is 13171 a composite number?
False
Is 59647 prime?
False
Is 45901 a composite number?
True
Is 715991 a prime number?
True
Is 165065 prime?
False
Is 21673 a composite number?
False
Is 9989 composite?
True
Is 52961 composite?
True
Is 88139 prime?
False
Is 2569 a composite number?
True
Is 45359 a composite number?
True
Is 349499 a prime number?
True
Is 1055167 prime?
True
Is 60679 composite?
False
Is 1080839 a prime number?
False
Is 6673 composite?
False
Is 2026249 a prime number?
True
Is 743203 a prime number?
True
Is 951238 prime?
False
Is 4663 a composite number?
False
Is 1147 prime?
False
Is 7403 a prime number?
False
Is 50026 a prime number?
False
Is 267626 prime?
False
Is 23921 prime?
False
Is 318949 a prime number?
True
Is 89581 a composite number?
True
Is 32203 a prime number?
True
Is 11197 a prime number?
True
Is 287171 prime?
False
Is 31881 a composite number?
True
Is 28043 composite?
True
Is 34793 composite?
True
Is 6469 composite?
False
Is 485201 composite?
False
Is 753 composite?
True
Is 547 prime?
True
Is 109591 a composite number?
True
Is 93691 a prime number?
False
Is 259819 composite?
True
Is 62081 a composite number?
False
Is 115798 prime?
False
Is 42487 composite?
False
Is 92677 prime?
False
Is 894191 a composite number?
False
Is 2819911 a composite number?
False
Is 14141 a composite number?
True
Is 80315 a prime number?
False
Is 415 a prime number?
False
Is 288471 a prime number?
False
Is 1137257 composite?
True
Is 313799 prime?
False
Is 528173 a composite number?
True
Is 11127 prime?
False
Is 94853 a composite number?
True
Is 10 composite?
True
Is 57199 composite?
True
Is 3299 a composite number?
False
Is 157369 composite?
True
Is 7039 composite?
False
Is 28729 a composite number?
False
Is 48161 a prime number?
False
Is 821 a prime number?
True
Is 170627 composite?
False
Is 51991 prime?
True
Is 220141 a composite number?
False
Is 2066473 a composite number?
False
Is 186215 prime?
False
Is 14309 composite?
True
Is 220435 a composite number?
True
Is 22901 composite?
False
Is 153379 a prime number?
True
Is 15401 a composite number?
False
Is 120733 a composite number?
True
Is 419 a prime number?
True
Is 1473413 a composite number?
True
Is 948291 a prime number?
False
Is 63277 composite?
False
Is 2229313 prime?
True
Is 10643 a composite number?
True
Is 7289 a composite number?
True
Is 116849 composite?
False
Is 1907 a prime number?
True
Is 1777 a prime number?
True
Is 732361 prime?
False
Is 180881 composite?
True
Is 1244521 composite?
False
Is 1139 a prime number?
False
Is 154927 composite?
False
Is 102413 composite?
True
Is 31957 composite?
False
Is 683567 a composite number?
False
Is 15353 a composite number?
True
Is 241771 prime?
True
Is 6007 a prime number?
True
Is 3793 a prime number?
True
Is 10805 composite?
True
Is 773447 a composite number?
False
Is 16781 a prime number?
False
Is 51403 a composite number?
True
Is 1213 a composite number?
False
Is 4271 prime?
True
Is 3377 a prime number?
False
Is 1459 composite?
False
Is 2271 a composite number?
True
Is 81157 prime?
True
Is 6331 prime?
False
Is 26627 prime?
True
Is 298183 prime?
False
Is 4338847 a prime number?
True
Is 76721 a prime number?
False
Is 20473 prime?
False
Is 8513 a composite number?
False
Is 339578 a prime number?
False
Is 77669 a prime number?
False
Is 1147117 a prime number?
True
Is 23687 prime?
True
Is 21101 a composite number?
False
Is 7817 composite?
False
Is 16621 composite?
True
Is 1526477 prime?
False
Is 879 a prime number?
False
Is 34781 prime?
True
Is 59959 composite?
True
Is 15581 a prime number?
True
Is 1858249 a composite number?
False
Is 263369 prime?
True
Is 43729 prime?
False
Is 12793 a composite number?
True
Is 19853 a prime number?
True
Is 4164211 composite?
True
Is 174799 a prime number?
True
Is 8143 a composite number?
True
Is 70099 a composite number?
False
Is 293627 a composite number?
True
Is 1213 composite?
False
Is 423299 composite?
False
Is 12289 prime?
True
Is 191309 composite?
True
Is 231397 prime?
False
Is 3158239 a composite number?
True
Is 445921 composite?
True
Is 943279 a prime number?
False
Is 2851 a composite number?
False
Is 4076951 a composite number?
False
Is 40739 a composite number?
False
Is 652969 composite?
False
Is 18397 a prime number?
True
Is 297907 a composite number?
False
Is 50017 composite?
True
Is 520141 composite?
True
Is 50671 a prime number?
True
Is 115589 a prime number?
True
Is 10289 a composite number?
False
Is 126253 a prime number?
False
Is 56657 a prime number?
False
Is 73977 a composite number?
True
Is 530851 prime?
True
Is 279491 prime?
False
Is 20269 a composite number?
False
Is 3571 composite?
False
Is 147029 a prime number?
True
Is 15391 prime?
True
Is 2874061 a prime number?
False
Is 38189 a composite number?
False
Is 169181 a composite number?
False
Is 8179 a composite number?
False
Is 153839 composite?
True
Is 110221 a prime number?
True
Is 659 prime?
True
Is 5969 a composite number?
True
Is 36589 a composite number?
True
Is 91229 composite?
False
Is 790814 composite?
True
Is 687 a composite number?
True
Is 64507 prime?
False
Is 52627 a prime number?
True
Is 1319 prime?
True
Is 401854 prime?
False
Is 22229 a prime number?
True
Is 97107 composite?
True
Is 91477 a prime number?
False
Is 24238 composite?
True
Is 2125259 composite?
False
Is 199301 a prime number?
False
Is 14897 composite?
False
Is 7499 a composite number?
False
Is 1477499 a composite number?
False
Is 20897 composite?
False
Is 185401 composite?
False
Is 3715 a prime number?
False
Is 1574 composite?
True
Is 365 a composite number?
True
Is 16727 a composite number?
True
Is 748081 composite?
True
Is 57329 a composite number?
False
Is 455911 a composite number?
True
Is 550309 a prime number?
True
Is 108203 a prime number?
True
Is 1065937 prime?
True
Is 17137 composite?
False
Is 130589 prime?
True
Is 10559 a prime number?
True
Is 1306 prime?
False
Is 6289 composite?
True
Is 11093 a composite number?
False
Is 460433 a composite number?
True
Is 107807 composite?
True
Is 275129 a composite number?
False
Is 51173 composite?
True
Is 10223 a composite number?
False
Is 8057 composite?
True
Is 10243 a prime number?
True
Is 852347 prime?
True
Is 256403 composite?
True
Is 23857 composite?
False
Is 9533 a composite number?
False
Is 2437 a prime number?
True
Is 80741 composite?
True
Is 29987 a prime number?
False
Is 33763 prime?
False
Is 1567 a prime number?
True
Is 22229 composite?
False
Is 249 a prime number?
False
Is 2785 a composite number?
True
Is 12797 a prime number?
False
Is 113497 a composite number?
False
Is 14642 a composite number?
True
Is 4927 prime?
False
Is 27139 prime?
False
Is 1249 a composite number?
False
Is 290419 a prime number?
True
Is 31303 a prime number?
False
Is 83 prime?
True
Is 5261 prime?
True
Is 23789 composite?
False
Is 11777 a composite number?
False
Is 28741 composite?
True
Is 7639 prime?
True
Is 12797 prime?
False
Is 333563 prime?
True
Is 24331 a composite number?
True
Is 1511 prime?
True
Is 47459 a composite number?
False
Is 1806589 a composite number?
False
Is 32411 a composite number?
False
Is 13165 a composite number?
True
Is 46979 prime?
False
Is 15109 prime?
False
Is 551 prime?
False
Is 405419 composite?
True
Is 179099 composite?
False
Is 47029 prime?
False
Is 4741 prime?
False
Is 429181 a composite number?
False
Is 19571 composite?
False
Is 933293 a prime number?
True
Is 84263 prime?
True
Is 3079 prime?
True
Is 28051 a prime number?
True
Is 5941 prime?
False
Is 3826349 a composite number?
True
Is 160814 composite?
True
Is 6823 prime?
True
Is 1439 a composite number?
False
Is 24562 prime?
False
Is 138821 composite?
False
Is 24967 a prime number?
True
Is 717 prime?
False
Is 3163 composite?
False
Is 2856349 a prime number?
True
Is 5807 composite?
False
Is 1381 a prime number?
True
Is 278 prime?
False
Is 194969